 -207. Suppose -6*k = -4*k - j. What are the prime factors of k?
2, 3, 11
Let p = 426 - -667. List the prime factors of p.
1093
Suppose 3*t + 2*m + 0 = -6, -t = m + 2. Let w(n) = -17*n - 3. Let q be w(t). Let g = q - 12. List the prime factors of g.
19
Let w(b) = 1. Let v(m) = 8*m - 17. Let q(k) = v(k) - 4*w(k). Suppose 27*l = 60 + 129. What are the prime factors of q(l)?
5, 7
What are the prime factors of 211248/120 + (-14)/10?
1759
What are the prime factors of 4/((-8)/2) - -47*11?
2, 3, 43
Let h = -1109 - -1960. What are the prime factors of h?
23, 37
Suppose -20*n - 18 = -23*n. Let u = -3 - -5. Suppose 5*a = -u*f + 29, 4*a + n = 3*f - 3. List the prime factors of f.
7
Let r(p) = 429*p + 10. Let n be r(3). Suppose -q - 2*i = -4*i - 322, -4*q + n = -5*i. List the prime factors of q.
2, 41
Suppose 5*h = 6430 + 1385. List the prime factors of h.
3, 521
Let r(n) = -n**3 - 8*n**2 - 3. Let a be r(-8). List the prime factors of (a/(-9))/(1/129).
43
Let i(f) = 2*f**2 + 34*f + 377. List the prime factors of i(-16).
3, 5, 23
Suppose 0 = 22*v - 20*v - 28. Let i = 16 + v. List the prime factors of i.
2, 3, 5
Let y = 2439 + -890. List the prime factors of y.
1549
Suppose 3*m = 8*b - 0*m - 389, 4*b - 193 = 3*m. List the prime factors of b.
7
Let m(v) = 8*v + 6. Let n be m(-11). Let k = n - -142. List the prime factors of k.
2, 3, 5
Let u = 245 - 7. What are the prime factors of u?
2, 7, 17
Let u = 33 - 32. Let l be ((-8)/12*-24)/u. Suppose l = 4*g - 4. What are the prime factors of g?
5
Suppose -4*l = -3*l + 112. Let j = l + 274. List the prime factors of j.
2, 3
Suppose -5*i = -10*i - 2*y + 4997, 989 = i + 3*y. List the prime factors of i.
7, 11, 13
Let y be ((-56)/(-32))/((-2)/(-8)). Let k = -7 + y. What are the prime factors of (-20)/(3 + k - 4)?
2, 5
List the prime factors of (-3)/((-6)/4)*(-3504)/(-16).
2, 3, 73
Let d(m) = -m**2 - m - 1. Let w(k) = -4*k**2 - 10*k - 3. Let l(j) = 5*d(j) - w(j). What are the prime factors of l(4)?
2
Suppose 4*g - 2*g - 5*i + 1483 = 0, -i = 5*g + 3721. What are the prime factors of 12/42 + (g/21)/(-2)?
2, 3
Suppose l + 150 = -2*t, -t = 3*l - 63 + 148. Let j = -31 - t. What are the prime factors of j?
2, 3, 7
Let z = 2100 - 1490. What are the prime factors of z?
2, 5, 61
Let b(k) = 3 - 1 + 3*k - 4 - 2*k. Let l be b(5). Suppose 5*n - l*n = -2*j + 12, -4*n - 2*j + 34 = 0. What are the prime factors of n?
11
Let f(a) = -28*a**3 + 9*a**2 + 64*a - 4. List the prime factors of f(-5).
19, 179
What are the prime factors of ((-4752)/56)/6*-7?
3, 11
List the prime factors of (1938/(-85))/(2/(-10)).
2, 3, 19
List the prime factors of (-14885)/(-7) + -7*12/196.
2, 1063
Let v(f) = -f**3 - 3*f**2 - 3*f - 2. Let d be v(-2). Let i be -14 + -1 + (1 - d). Let m = i - -25. List the prime factors of m.
11
Let o(i) = -i**3 - 5*i**2 - 3*i + 8. Let b = 6 + -18. Let k be -6*8/b - 10. What are the prime factors of o(k)?
2, 31
Let s = 1 + 4. Suppose -u - s*q = -0 - 10, -2*u - q = -11. Suppose 2*f = u*f - 93. What are the prime factors of f?
31
Let i(l) = -85*l - 213. What are the prime factors of i(-11)?
2, 19
Let i(c) = 35*c**3 - 5*c**2 - 20*c + 4. What are the prime factors of i(5)?
2, 31, 67
Let r(s) = -3*s**2 + 3*s + 3 - s**3 - 7*s**2 + 21*s**2 - 2*s**2. Let b(j) = -j**2 - 8*j - 6. Let n be b(-5). What are the prime factors of r(n)?
2, 3, 5
Let r = 5646 + -3089. List the prime factors of r.
2557
Let x be (-10)/(-40) + 46/8. Let g(r) = 2*r**2 + 9*r - 19. List the prime factors of g(x).
107
Let y(q) be the first derivative of 1/2*q**2 + 3 + 2*q. What are the prime factors of y(5)?
7
Let k(t) = t**3 + 4*t**2 + t + 5. Let s be k(-4). Let y(a) = 50*a**3 + a**2 - 2*a + 1. Let v be y(s). What are the prime factors of (v/(-6) + 0)*-3?
5
Suppose -7*m + 1037 + 790 = 0. Let f = -128 + m. What are the prime factors of f?
7, 19
Let w be (-8 + (-3 - -1))*(-1)/1. Suppose -13 = -2*u + 17. Suppose 5*x - u = w. List the prime factors of x.
5
Let h(f) = f**2 + 12*f + 6. Let c be h(-10). Let v(k) be the first derivative of -k**2/2 + 7*k - 5. List the prime factors of v(c).
3, 7
Let u = -2 + 8. Let d = u + 15. What are the prime factors of d?
3, 7
Let a = -1036 + 1607. What are the prime factors of a?
571
Let v(z) = -2*z - 31. Let l be v(-6). Let m = 183 + l. List the prime factors of m.
2, 41
Suppose 6*p - 44 = -5*p. Let u(t) = 10*t**2 - 2*t + 1. Let r be u(1). Let i = p + r. What are the prime factors of i?
13
List the prime factors of (-6 - -9)*(29280/(-18))/(-2).
2, 5, 61
Suppose -s - 3*v - 15 = -4*s, -4*s - 4*v = -12. Suppose 2*p + 19 = -3*k + 8*k, s*k - 5 = 5*p. List the prime factors of p.
3
Let v be (-6)/10*(-15)/3. Suppose u = -0*u + v. What are the prime factors of (4/u - 1)*123?
41
Suppose 4*u - 397 = 371. Let c = u + -116. What are the prime factors of c?
2, 19
Suppose -6*q - 4*q = -20580. What are the prime factors of q?
2, 3, 7
List the prime factors of 4 + 1897 - (-1 + (1 - 7)).
2, 3, 53
Let l be (-34)/(-4) - (-12)/8. Suppose -l = -4*z + 38. List the prime factors of z + 2 + 0 - -4.
2, 3
Let p(x) = 2*x**2 - 9*x - 13. What are the prime factors of p(11)?
2, 5, 13
Suppose 4 = -2*r + 3*u, -3*r - 5*u - 3 = 3. Let c(p) = -14*p**3 - 4*p**2. List the prime factors of c(r).
2, 3
Suppose -c - 3*c - f + 10 = 0, 3*f - 6 = -4*c. Suppose -406 = -4*v + 5*q, -4*v + 84 = c*q - 338. Suppose -3*o + 19 + v = 0. What are the prime factors of o?
41
Suppose 26*h + 19684 = 33*h. List the prime factors of h.
2, 19, 37
Let j = -2873 + 4944. List the prime factors of j.
19, 109
Suppose z + 25 = 6*z. Let w = z - 3. Suppose 0*m - 3*m + 2*f = -89, -f + 50 = w*m. What are the prime factors of m?
3
Let j = -9 - -9. Suppose -2*b - 2*i - 188 + 68 = j, 4*i = 2*b + 138. What are the prime factors of (1 + b)*2/(-4)?
31
Let c be 206/((-2 + 1)*1). Let w = -142 - c. List the prime factors of w.
2
Let l(o) = -o**3 - 7*o**2 + 6*o + 9. Let t(w) = 2*w**3 + 9*w**2 + 6*w. Let y be t(-4). List the prime factors of l(y).
5
Suppose j + 4272 = 2*v, 4*j = 8*j + 8. What are the prime factors of v?
5, 7, 61
Let i = -237 + 240. What are the prime factors of i?
3
Suppose p + 1028 = -3*r + 6990, 4*r - 29832 = -5*p. What are the prime factors of p?
2, 373
Let z(b) = -19*b - 49. What are the prime factors of z(-26)?
5, 89
Let d(v) = 2*v + 66. Let w be d(0). Suppose -336 + w = -2*t. Suppose 0 = -7*p + 306 + t. List the prime factors of p.
3, 7
Let w = -108 - 48. Let q = -95 - w. What are the prime factors of q?
61
List the prime factors of (-60)/(-165) - 125442/(-66).
1901
Let w(z) be the third derivative of z**6/120 - z**5/6 - 11*z**4/24 + 2*z**3/3 + 3*z**2. Let h be w(11). Suppose -6*f + h*f = -16. List the prime factors of f.
2
Let k be -1 + 0 - 52/26. Let i(g) = 2*g**2 + 2*g - 1. Let p be i(-2). List the prime factors of (-19)/k - 1/p.
2, 3
Suppose -4*q + 4*t = -14712, 3*q + 2*t = 4*q - 3679. What are the prime factors of q?
3677
Suppose 3*r + 95 = 5. Let j be (10/r)/(1/(-9)). Suppose j*v = -v + 36. What are the prime factors of v?
3
Let z = -25 - -20. What are the prime factors of (1458/6)/((-5)/z)?
3
Let f(b) = -b**3 - 14*b**2 + 11*b + 5. Let y(k) = k**2 - 23*k + 27. Let l be y(21). What are the prime factors of f(l)?
5, 13
Suppose -v - 3*j = 92 - 535, -4*v = 5*j - 1772. List the prime factors of v.
443
Let s = -30 + 27. What are the prime factors of -6 - -38 - s/(-3)?
31
Let d be 24/(-20)*-5 + -3. Let x(y) = d - 12*y + 6*y + 5*y + 0*y. What are the prime factors of x(-10)?
13
Let o = -35 - -39. Suppose -s - 143 = -4*s + 2*y, -o*s + 183 = 5*y. List the prime factors of s.
47
Let m(w) = -1942*w - 41. What are the prime factors of m(-2)?
3, 7, 61
List the prime factors of 63036/170 + (-8)/10.
2, 5, 37
Suppose -15 = b - 6. Let r(m) = m + 19. List the prime factors of r(b).
2, 5
What are the prime factors of -1 - -34*1 - (5 + 0)?
2, 7
Let q(i) = 63*i - 2. What are the prime factors of q(1)?
61
Let d(p) = 4*p + 13. Let k be d(3). Let w be 8 + (6/2 - 3). Suppose -9*t + k = -w*t. List the prime factors of t.
5
Let n = -1006 + 1749. What are the prime factors of n?
743
Let p(v) = 2*v**2 - 13*v + 9. Let o be p(6). Suppose -6*w + 393 = -o*w. List the prime factors of w.
131
Let s(o) = -o + 7. Let i be s(7). Suppose -36 = -4*z - i*z. Suppose -10*f + 3 = -z*f. What are the prime factors of f?
3
Let c(v) =